{"id":30,"date":"2023-02-02T14:44:21","date_gmt":"2023-02-02T14:44:21","guid":{"rendered":"https:\/\/teos.nl\/?page_id=30"},"modified":"2023-03-08T14:25:04","modified_gmt":"2023-03-08T13:25:04","slug":"visie","status":"publish","type":"page","link":"https:\/\/teos.nl\/?page_id=30","title":{"rendered":"Visie"},"content":{"rendered":"\n<p class=\"has-regular-font-size\">Business Process Outsourcing&nbsp;zal niet alleen de kosten reduceren,&nbsp;het zal de keten veranderen.<\/p>\n\n\n\n<p>Uitbesteding&nbsp;is een trend die onder financi\u00eble dienstverleners niet meer te stoppen is.<\/p>\n\n\n\n<p>Naast&nbsp;de traditionele \u00e9\u00e9n op \u00e9\u00e9n outsourcing zien we dat er nu na de opkomst van&nbsp;shared service centers een vraag ontstaat naar het concept van shared Business&nbsp;Proces Outsourcing.<\/p>\n\n\n\n<p>Banken\u00a0en verzekeraars veranderen langzaam maar zeker van administratieve bolwerken\u00a0naar pure marketing en sales organisaties.<\/p>\n\n\n\n<p>Lees beide whitepapers; Business Process Outsourcing en SaaS versus BPO<\/p>\n","protected":false},"excerpt":{"rendered":"<p>Business Process Outsourcing&nbsp;zal niet alleen de kosten reduceren,&nbsp;het zal de keten veranderen. Uitbesteding&nbsp;is een trend die onder financi\u00eble dienstverleners niet meer te stoppen is. Naast&nbsp;de traditionele \u00e9\u00e9n op \u00e9\u00e9n outsourcing zien we dat er nu na de opkomst van&nbsp;shared service centers een vraag ontstaat naar het concept van shared Business&nbsp;Proces Outsourcing. Banken\u00a0en verzekeraars veranderen langzaam maar zeker van administratieve bolwerken\u00a0naar pure marketing en sales organisaties. Lees beide whitepapers; Business Process&hellip;<\/p>\n","protected":false},"author":1,"featured_media":0,"parent":0,"menu_order":0,"comment_status":"closed","ping_status":"closed","template":"","meta":{"footnotes":""},"class_list":["post-30","page","type-page","status-publish","hentry"],"_links":{"self":[{"href":"https:\/\/teos.nl\/index.php?rest_route=\/wp\/v2\/pages\/30","targetHints":{"allow":["GET"]}}],"collection":[{"href":"https:\/\/teos.nl\/index.php?rest_route=\/wp\/v2\/pages"}],"about":[{"href":"https:\/\/teos.nl\/index.php?rest_route=\/wp\/v2\/types\/page"}],"author":[{"embeddable":true,"href":"https:\/\/teos.nl\/index.php?rest_route=\/wp\/v2\/users\/1"}],"replies":[{"embeddable":true,"href":"https:\/\/teos.nl\/index.php?rest_route=%2Fwp%2Fv2%2Fcomments&post=30"}],"version-history":[{"count":6,"href":"https:\/\/teos.nl\/index.php?rest_route=\/wp\/v2\/pages\/30\/revisions"}],"predecessor-version":[{"id":379,"href":"https:\/\/teos.nl\/index.php?rest_route=\/wp\/v2\/pages\/30\/revisions\/379"}],"wp:attachment":[{"href":"https:\/\/teos.nl\/index.php?rest_route=%2Fwp%2Fv2%2Fmedia&parent=30"}],"curies":[{"name":"wp","href":"https:\/\/api.w.org\/{rel}","templated":true}]}}